
What is 4 + 1 + -2 - (0 + 0)?
3
Evaluate -2 - 4 - -1 - (-11 + 9).
-3
What is (4 + -2 - 5) + 0 - -8?
5
What is -37 - -29 - (-2 - -3 - 4)?
-5
Calculate 9 + -3 + 4 + 1 - 5.
6
What is the value of -3 - (13 - 8) - -7?
-1
What is 0 + (-3 - (4 - 9))?
2
Calculate -133 + 125 + (7 - 0) + -1.
-2
What is the value of -2 - (-6 - -5) - -1?
0
What is -1 + 1 + (-79 - -78)?
-1
What is the value of -1 - 4 - (-2 - 0 - 0)?
-3
What is 2 + -8 + 4 + 6 + -5?
-1
What is the value of -6 + 8 - (1 + 3 + -5)?
3
Calculate (0 - 5 - -13) + -7.
1
Calculate -2 + (7 - 13) + -4 + 7.
-5
Evaluate 1 + -5 + (106 - 96).
6
What is (7 - -1) + -6 + -8?
-6
What is the value of -11 + (0 - -14) + -5?
-2
Calculate 3 + (-3 + 3 - 3) + 0.
0
What is the value of 5 - (1 - 2 - -8)?
-2
What is -2 + 0 + -2 + (1 - -6)?
3
0 + -16 + 5 + 7
-4
Evaluate (9 + -18 - -5) + -1 + 6.
1
What is (6 + -3 - 7) + (3 - 6)?
-7
What is the value of -7 - (-3 - (3 + -1))?
-2
Calculate 3 - (-3 + -1) - 1 - 3.
3
Evaluate 1 + -3 - (-2 + 2).
-2
(5 - 0) + 10 + -12
3
Calculate 10 - (9 + -11 + 6).
6
What is 5 + -13 - (-2 + -1)?
-5
What is the value of 2 - 9 - (-3 + 2 - 1)?
-5
What is 1 + 3 - (-17 + 23)?
-2
What is 5 - (-1 + 6 - -5)?
-5
Calculate 0 + 0 + 1 + 0 - -2.
3
What is 6 + (-15 - (-6 - -9 - 7))?
-5
(4 - ((5 - 4) + 4)) + -2
-3
What is 6 + (4 - 5) - 2?
3
What is the value of -1 - -3 - (3 + -2 - 3)?
4
Evaluate -1 + 2 + (4 - 0).
5
What is the value of 5 - -1 - (0 + (17 - 10))?
-1
What is 0 - (-12 + 9 + -2)?
5
Calculate (-1 - -7 - 8) + -2.
-4
Evaluate 2 + -6 - (3 + -5 + 3).
-5
What is the value of -3 + 1 + (-5 - -8)?
1
Evaluate 2 - 2 - (3 + -2).
-1
Evaluate 2 - (6 - 2 - 3).
1
Calculate 6 - (-7 + 20 + -6).
-1
What is the value of (16 - 24) + (7 - 0)?
-1
Calculate (12 - 25) + 26 - 14.
-1
Calculate 6 + (12 - 7) - 8.
3
Evaluate 64 - 58 - (0 - -4).
2
What is 9 - (23 - (1 - -11))?
-2
2 + (5 - 5) + -1 + 1
2
Evaluate -8 + (7 - -4) - 0.
3
Calculate 4 + ((-2 - -3) + -2 - 3).
0
What is the value of -4 + (5 - 2 - -1)?
0
What is 9 + (2 - 4) - 11?
-4
What is 0 + -4 + (3 - 0 - -5)?
4
What is (2 + (6 - 4) - 0) + 0?
4
What is 1 - -1 - (-18 + 19)?
1
What is (9 + 2 - 7) + -9?
-5
Calculate (45 - 43) + (2 - 4 - 4).
-4
What is the value of -3 - (-1 - 4 - 3)?
5
-3 - -2 - (-25 - -28)
-4
Calculate 2 + (-3 - -4) + 1.
4
Calculate (-2 - 0) + (-13 - -25).
10
-6 + (3 - 3 - (0 + -6))
0
What is the value of 11 + -15 - -9 - 14?
-9
What is the value of (-6 - -3) + 2 + (2 - 7)?
-6
5 - 1 - (6 + 2)
-4
Evaluate -2 + (11 + -4 - 5).
0
0 + -9 - (6 + -11)
-4
What is the value of 14 + (-5 - 7) - 7?
-5
What is the value of (-4 - (4 - 14)) + -3?
3
What is (-6 - 0) + (-4 - (-11 + 0))?
1
44 - 58 - (-5 - 2)
-7
Evaluate 27 + (23 - 41) - (-1 - 1).
11
Calculate -7 - (-4 - (2 + -2 + -2)).
-5
Calculate 12 - ((-23 - -13) + 32).
-10
What is 2 + 3 + (4 - 0) + -2?
7
What is the value of (11 - (1 - (-2 + 2))) + -5?
5
What is 17 - 5 - (-2 + 13)?
1
Evaluate 3 - (-2 - -2 - -5).
-2
Evaluate 1 + -6 + 1 + 0.
-4
What is -10 + 9 + -9 - -10?
0
What is the value of -8 + (5 - -1 - 1) + -5?
-8
What is the value of -2 + -1 + (6 - -8 - 8)?
3
What is the value of 42 - 37 - (-4 + 2 + 0)?
7
-3 - (4 - (-3 - -9))
-1
What is 0 + 6 - (36 - 33)?
3
Calculate 9 - (12 + 5) - (-1 + 1).
-8
What is the value of -8 + (6 - 0) - (0 - 6)?
4
Calculate 8 + (-12 - (-26 - -14)).
8
Calculate -11 + 2 + 4 + -3.
-8
What is -5 + (6 - 13) + 8?
-4
What is the value of 4 + (-5 + -1 - -4) + -3?
-1
What is (2 - -3) + -3 + -3?
-1
What is the value of 4 + -1 + 9 + -13 - -3?
2
-4 + -3 + -1 + 7
-1
Evaluate -58 + 66 - (-1 - -11).
-2
5 - (-8 + (15 - 2))
0
-4 + -4 + 21 + -7
6
What is the value of (1 - (1 - 5)) + 0 + -4?
1
0 + 4 - 4 - -4
4
Evaluate (3 - (8 - 2)) + -2.
-5
What is 10 + 18 + -29 + -1 + 6?
4
What is the value of -2 - (-3 - (4 + -9))?
-4
What is (-6 - 1) + 38 + -34?
-3
What is 18 + -2 + -13 - (4 + 1)?
-2
-6 - -4 - (3 - 5)
0
Evaluate 7 + (-11 - -8 - -2) - 2.
4
Calculate -10 + 3 + 0 + 5.
-2
(-5 - -4) + 5 + -1
3
What is the value of (0 + 4 - 3) + 2 + -2?
1
What is 0 - 0 - (3 - (1 + 0))?
-2
What is 19 + -32 + (3 - -2) + 1?
-7
What is the value of -6 + 5 + -2 + 0 + -2?
-5
What is -3 - 0 - (28 - 21)?
-10
Calculate 2 + (6 - 2) - 6.
0
Evaluate -2 - (2 + -1 + (-40 - -41)).
-4
What is the value of (-6 - -8) + 0 + -5?
-3
What is the value of -6 + (20 - 7) - 3?
4
0 - (-1 - (-1 + -1 + 5))
4
Calculate -2 + 1 + 0 + 0 + 6.
5
Calculate (1 - 10) + 31 + -21.
1
Calculate (5 + 1 - 8) + -8.
-10
Calculate (-1 + 0 - -1 - 0) + 5.
5
Evaluate 2 - 5 - (-2 - -3).
-4
6 - (4 - 4) - (10 - 0)
-4
Evaluate 2 + (0 + (1 - -1) - 5).
-1
-2 + 5 - (1 - (-5 + 2))
-1
What is the value of 1 + -11 - (-166 - -156)?
0
-5 + -1 + 8 + -16 + 11
-3
Calculate (-1 + 8 - 4) + -5.
-2
Evaluate 3 + -11 - (-12 - (-6 + -7)).
-9
7 + 0 + -17 + -4 + 9
-5
Evaluate 9 + (-13 - -1 - -5).
2
What is -4 - (-4 + (4 - (4 + -3)))?
-3
Evaluate (-1 - (-12 - -1)) + (3 - 9).
4
What is 0 + -4 - (-17 - (21 + -43))?
-9
What is the value of (-8 - (1 - 7)) + (-3 - 3)?
-8
Calculate -61 + 69 - (-2 - -11).
-1
What is the value of 0 + (7 - (10 - 4))?
1
What is the value of 5 + 2 - 7 - 2?
-2
Evaluate 7 + -12 + (0 + 1 - -3).
-1
What is the value of (-17 - -24) + (-4 - 1)?
2
Evaluate 4 + -6 + -1 - -8.
5
What is the value of (2 - 7) + (-2 + -1 - -4)?
-4
What is 0 - 1 - 1 - (-1 - 3)?
2
Evaluate -9 + 6 - (-2 - -4 - 6).
1
Evaluate (-5 - -4) + (0 + 2 - 3).
-2
Evaluate 1 + 0 + (-5 - (0 - 4)).
0
Evaluate 2 + -1 + 2 + -6.
-3
What is 1 + 3 - (18 + (-7 - 3))?
-4
7 + (-5 - 10) - (0 - 0)
-8
What is (2 - (-3 + 12)) + 11?
4
What is the value of (37 + -29 - (3 + 0)) + -6?
-1
8 + -10 + 3 + -6 - -10
5
Calculate -2 - 2 - (2 + (-4 - 0)).
-2
Evaluate 13 + -18 + 10 + (0 - 5).
0
Calculate -5 - 0 - (9 + -10).
-4
3 + 16 + -15 + -3 + -3
-2
What is the value of -3 + (1 - -1) - 4?
-5
Calculate 0 - (-1 + 6 + -3 + -2).
0
What is the value of -1 + -8 + (-4 - -8)?
-5
12 - ((-1 - -6) + 8 + -6)
5
Calculate 7 + -2 + 15 + -26 + 6.
0
Calculate 2 + (-2 - -4) + -4.
0
What is -1 - (6 + 4 + -4 - 1)?
-6
3 + 6 + 0 + -6 - -3
6
What is the value of (20 - 24) + 4 + -2 + -4?
-6
Evaluate 0 + 3 - (-2 + 9).
-4
What is (13 - -2) + -2 - (-82 - -87)?
8
Evaluate (1 - -1 - (-12 + 2)) + -5.
7
Calculate (-201 - -204) + (8 - 0).
11
-8 - (1 + (5 - 10)) - 2
-6
Calculate -8 - 3 - -12 - -4.
5
(-1 - (-1 - 2)) + -6
-4
What is 0 + (5 - -1) - 4?
2
What is the value of 0 - 2 - (-4 - -5)?
-3
What is the value of (6 - 15) + 10 + -3?
-2
What is the value of 5 - (-2 + -6 + (6 - -4))?
3
-3 + (-1 - -4) + 2
2
-2 + -1 + 1 + -1 - -5
2
What is 0 + -5 + 4 + (1 - -3)?
3
Calculate 1 + 9 - (42 - 25).
-7
What is the value of -2 + (7 - 6 - -7) - 8?
-2
1 + -6 - (-7 + -2)
4
(-2 - -5) + (-9 - (-12 - -15))
-9
Calculate 0 + -7 + 8 - 3.
-2
What is the value of 21 + -25 + 0 + 1?
-3
Calculate 9 + 8 + -14 + -1.
2
Calculate 5 - (3 + 2 + -1).
1
Calculate -19 + 24 + -16 + 9.
-2
What is 1 - (9 + -12) - (-1 + 5)?
0
Evaluate 1 + 6 - 9 - 2.
-4
Evaluate -1 + -7 + -2 + 6.
-4
Evaluate 3 - ((3 - 3) + (0 - 0)).
3
What is 172 + -174 - ((1 - -5) + 2)?
-10
Calculate 8 + (-3 - 0) + -3.
2
Calculate 3 - (2 + 1 - 3).
3
Evaluate (0 - 0) + 8 + -4.
4
Evaluate 104 + -112 + (1 - -5).
-2
What is the value of (23 - 22) + 3 + -1 + -4?
-1
What is the value of -2 + 8 - (5 - 12 - -8)?
5
Calculate -1 - -1 - (18 - (-20 + 35)).
-3
Evaluate 2 + -1 + -5 - -9.
5
What is 86 + -88 + -2 + -1?
-5
What is the value of 5 + 14 + -19 + -7?
-7
Evaluate 4 - (-4 - 1 - -7).
2
Calculate (1 - 0) + (-12 - (-30 + 13)).
6
What is 3 - 11 - (2 - 7)?
-3
Calculate (1 - -1) + (-8 - (-4 - -5)).
-7
What is the value of 0 + 1 - (-13 + (23 - 8))?
-1
Calculate -3 + -11 + (3 - -6).
-5
-11 - (-2 - (25 - 9))
7
Calculate (9 - 8) + (-2 - (1 - -3)).
-5
Calculate 8 + (-5 - -2) + -9.
-4
What is the value of 3 + (1 - 7) - (-2 - -1)?
-2
What is the value of -6 + 5 + -4 + 2?
-3
What is the value of 6 + 14 + -8 + -3 - 5?
4
Calculate (-1 + -2 + 0 - -2) + -3.
-4
6 + -5 + 1 - 0
2
Calculate -8 - -5 - (0 + -6).
3
What is the value of -10 + (5 - 13) + 15?
-3
What is 3 - -9 - 8 - (0 + 2)?
2
What is 0 + -4 + -8 + 17?
5
What is the value of 5 + -2 + 1 - -1?
5
What is -17 + 17 + (-1 - -3)?
2
What is the value of (2 - 2 - -4) + 0 + -3?
1
What is -2 - -6 - (7 + 3)?
-6
What is the value of (2 - 3 - -3) + -3 + -1?
-2
Evaluate 7 + (4 - (12 - (3 - -1))).
3
0 + -1 + 1 + -2 + -2
-4
What